{"id":138,"date":"2025-05-21T09:43:35","date_gmt":"2025-05-21T07:43:35","guid":{"rendered":"https:\/\/art-vigienguyen.fr\/?page_id=138"},"modified":"2025-09-29T11:47:48","modified_gmt":"2025-09-29T09:47:48","slug":"conditions-generale-de-vente","status":"publish","type":"page","link":"https:\/\/art-vigienguyen.fr\/?page_id=138","title":{"rendered":"Conditions G\u00e9n\u00e9rales de Vente de l&rsquo;artiste Vigie NGUYEN"},"content":{"rendered":"\n<h1 class=\"wp-block-heading\">Conditions G\u00e9n\u00e9rales de Vente<\/h1>\n\n\n\n<div class=\"wp-block-buttons is-content-justification-right is-layout-flex wp-container-core-buttons-is-layout-d445cf74 wp-block-buttons-is-layout-flex\">\n<div class=\"wp-block-button has-custom-width wp-block-button__width-50 is-style-outline is-style-outline--1\"><a class=\"wp-block-button__link has-ast-global-color-2-color has-ast-global-color-4-background-color has-text-color has-background has-link-color has-border-color has-medium-font-size has-text-align-center has-custom-font-size wp-element-button\" href=\"https:\/\/art-vigienguyen.fr\/?page_id=801\" style=\"border-color:var(--ast-global-color-2);border-radius:66px\" target=\"_blank\" rel=\"noreferrer noopener\">Terms and Conditions of Sale<\/a><\/div>\n<\/div>\n\n\n\n<p class=\"has-ast-global-color-0-color has-text-color has-link-color wp-elements-7e07491bbd6374039d0a87c4ee0c29bf\"><a href=\"#achat\">1. Achat<\/a> &#8211; <a href=\"#commande\">2. Validation de votre commande<\/a> &#8211; <a href=\"#retractation\">3. R\u00e9tractation et remboursement<\/a> &#8211; <a href=\"#expedition\">4. Exp\u00e9dition <\/a> &#8211; <a href=\"#livraison\">5. Frais de livraison<\/a> &#8211; <a href=\"#livraisons\">6. Planification des livraisons<\/a> &#8211; <a href=\"#taxes\">7. Taxes <\/a>&#8211; <a href=\"#moyens\">8. Moyens de paiement<\/a> &#8211; <a href=\"#retour\">9. Modalit\u00e9s de retour <\/a>&#8211; <a href=\"#garantie\">10. Garantie<\/a> &#8211; <a href=\"#confidentialit\u00e9\">11. R\u00e8gle de confidentialit\u00e9<\/a> &#8211; <a href=\"#contact\">12. Contact<\/a><\/p>\n\n\n\n<p>Les pr\u00e9sentes conditions de vente visent \u00e0 d\u00e9finir les relations contractuelles entre Vigie (Virginie NGUYEN QUANG) et l&rsquo;acheteur et les conditions applicables \u00e0 tout achat effectu\u00e9 par le biais du site \u00ab art-vigienguyen.fr \u00bb, que l&rsquo;acheteur soit un professionnel ou un particulier.<\/p>\n\n\n\n<p>L&rsquo;acquisition d&rsquo;une cr\u00e9ation originale de Virginie NGUYEN QUANG, ou une impression en \u00e9dition limit\u00e9e, via le pr\u00e9sent site, ou en direct, implique une acceptation sans r\u00e9serve par l&rsquo;acheteur des pr\u00e9sentes conditions de vente.<\/p>\n\n\n\n<p>Ces conditions de vente pr\u00e9vaudront sur toutes autres conditions g\u00e9n\u00e9rales ou particuli\u00e8res non express\u00e9ment agr\u00e9\u00e9es par Virginie NGUYEN QUANG.<\/p>\n\n\n\n<p>Virginie NGUYEN QUANG se r\u00e9serve de pouvoir modifier ses conditions de vente \u00e0 tout moment. Dans ce cas, les conditions applicables seront celles en vigueur \u00e0 la date de la commande par l&rsquo;acheteur.<\/p>\n\n\n\n<p>Les caract\u00e9ristiques des \u0153uvres et des reproductions propos\u00e9es \u00e0 la vente sont pr\u00e9sent\u00e9es dans la page d\u00e9di\u00e9e \u00e0 chaque \u0153uvre de ce site, accessibles depuis la galerie.<br>Chaque \u0153uvre originale et chaque reproduction est certifi\u00e9e et num\u00e9rot\u00e9e avec un certificat d\u00e9livr\u00e9 par Virginie NGUYEN QUANG.<\/p>\n\n\n\n<p>Les photographies des \u0153uvres pr\u00e9sent\u00e9es sur ce site et dans le catalogue sont les plus fid\u00e8les possibles mais ne peuvent assurer une similitude parfaite avec le produit offert, notamment en ce qui concerne les couleurs. Tous les textes et images pr\u00e9sent\u00e9s sur le site \u00ab art-vigienguyen.fr \u00bb sont r\u00e9serv\u00e9s, pour le monde entier, au titre des droits d&rsquo;auteur et de propri\u00e9t\u00e9 intellectuelle, leur reproduction, m\u00eame partielle, est strictement interdite. Les droits d\u2019auteur ne sont pas c\u00e9d\u00e9s lors de l\u2019achat d\u2019une \u0153uvre, la reproduction m\u00eame partielle est donc interdite m\u00eame \u00e0 l\u2019acqu\u00e9reur de l\u2019\u0153uvre, sans l\u2019autorisation \u00e9crite de Virginie NGUYEN QUANG ou de ses ayants droit. <\/p>\n\n\n\n<p>Virginie NGUYEN QUANG, est une auto- entrepreneuse, domicili\u00e9e 18 Rue de l\u2019Ile de Sein, 56 600 LANESTER \u2013 FRANCE, enregistr\u00e9e sous le num\u00e9ro de SIRET 9886235500014, TVA non applicable  art. 293 b du code g\u00e9n\u00e9ral des imp\u00f4ts.<\/p>\n\n\n\n<div style=\"height:30px\" aria-hidden=\"true\" class=\"wp-block-spacer\"><\/div>\n\n\n\n<h3 class=\"wp-block-heading\" id=\"achat\">1. Achat<\/h3>\n\n\n\n<p>1 &#8211; Les prix des \u0153uvres sont indiqu\u00e9s en Euros toutes taxes comprises, hors frais d&rsquo;exp\u00e9dition.<br>Toute commande est payable uniquement en Euros, \u00e0 la commande, par un des moyens propos\u00e9s.<br>2 &#8211; Avec l&rsquo;augmentation de la c\u00f4te de l\u2019artiste, les prix peuvent augmenter \u00e0 n&rsquo;importe quel moment. Le prix pratiqu\u00e9 sera le prix indiqu\u00e9 au moment de votre prise de commande.<\/p>\n\n\n\n<p>La personne, qui souhaite acheter une \u0153uvre doit obligatoirement :<\/p>\n\n\n\n<p>Envoyez un email via le formulaire de contact ou directement via l\u2019adresse, <a href=\"https:\/\/art-vigienguyen.fr\/?page_id=394\" target=\"_blank\" rel=\"noreferrer noopener\">contact@art-vigienguyen.fr<\/a>, en renseignant, ses nom, pr\u00e9nom, adresse email, num\u00e9ro de t\u00e9l\u00e9phone, adresse de livraison, adresse de facturation, nom de ou des \u0153uvres souhait\u00e9es, et\/ou la quantit\u00e9 d\u00e9sir\u00e9e s\u2019il s\u2019agit d\u2019une reproduction en \u00e9dition limit\u00e9e. &nbsp;D\u00e9clar\u00e9 avoir pris connaissance et d\u2019accepter les pr\u00e9sentes Conditions G\u00e9n\u00e9rales de Vente.<\/p>\n\n\n\n<p>Il recevra ensuite une confirmation de sa commande par email, avec un num\u00e9ro de commande et le d\u00e9tail de celle-ci, dont le prix total TTC et une estimation des frais de livraison. Les informations n\u00e9cessaires pour proc\u00e9der au r\u00e8glement de la commande.<\/p>\n\n\n\n<p>Il effectuera le paiement dans les conditions pr\u00e9vues.<br>Le r\u00e8glement fait foi de la confirmation de sa commande entra\u00eene acceptation des pr\u00e9sentes conditions de vente, la reconnaissance d&rsquo;en avoir pris connaissance et la renonciation \u00e0 se pr\u00e9valoir de ses propres conditions d&rsquo;achat ou d&rsquo;autres conditions.<\/p>\n\n\n\n<p>Il sera inform\u00e9 de la bonne r\u00e9ception de son r\u00e8glement, qui valide sa commande. Il sera ensuite inform\u00e9 de l\u2019exp\u00e9dition de sa commande, et pourra la suivre, avec un num\u00e9ro sp\u00e9cifique.<\/p>\n\n\n\n<p>L&rsquo;ensemble des donn\u00e9es fournies et la confirmation enregistr\u00e9e vaudront preuve de la transaction. La confirmation vaudra signature et acceptation des op\u00e9rations effectu\u00e9es.<\/p>\n\n\n\n<div style=\"height:30px\" aria-hidden=\"true\" class=\"wp-block-spacer\"><\/div>\n\n\n\n<h3 class=\"wp-block-heading\" id=\"commande\">2. Validation de la commande<\/h3>\n\n\n\n<p>Un courrier de confirmation vous mentionnera l&rsquo;acceptation de votre commande, et une date approximative de r\u00e9ception. Vous serez tenu inform\u00e9 de chaque \u00e9tape.<\/p>\n\n\n\n<p>La commande ne sera valid\u00e9e qu\u2019apr\u00e8s r\u00e9ception du r\u00e8glement total de la commande, qui inclus les frais de livraison.<\/p>\n\n\n\n<p><br>Lors du processus de validation de votre commande vous d\u00e9clarez avoir lu et accept\u00e9 ces conditions g\u00e9n\u00e9rales de vente.<\/p>\n\n\n\n<h3 class=\"wp-block-heading\" id=\"retractation\">3. R\u00e9tractation et remboursement<\/h3>\n\n\n\n<p>Vous avez le droit de vous r\u00e9tracter du pr\u00e9sent contrat, sans donner de motif, dans un d\u00e9lai l\u00e9gal de 14 jours. Ce d\u00e9lai commence le lendemain apr\u00e8s r\u00e9ception du r\u00e8glement complet de la commande.<\/p>\n\n\n\n<p>Pour exercer votre droit de r\u00e9tractation, vous devez nous notifier votre d\u00e9cision au moyen d&rsquo;une d\u00e9claration d\u00e9nu\u00e9e d&rsquo;ambigu\u00eft\u00e9, dans le d\u00e9lai l\u00e9gal, par email \u00e0 l\u2019adresse suivante&nbsp;: <a href=\"https:\/\/art-vigienguyen.fr\/?page_id=394\" target=\"_blank\" rel=\"noreferrer noopener\">contact@art-vigienguyen.fr<\/a><\/p>\n\n\n\n<p>Vous serez rembours\u00e9s de l\u2019int\u00e9gralit\u00e9 des frais engag\u00e9s (prix de la commande et frais de livraison) dans un d\u00e9lai de 14 jours apr\u00e8s r\u00e9ception de votre email de r\u00e9tractation.<\/p>\n\n\n\n<p>Nous proc\u00e9derons au remboursement en utilisant le m\u00eame moyen de paiement que celui que vous aurez utilis\u00e9 pour la transaction initiale hormis le paiement par ch\u00e8que dans ce cas un virement sera fait \u00e0 l\u2019acheteur apr\u00e8s r\u00e9ception de ses coordonn\u00e9es bancaires.<\/p>\n\n\n\n<h3 class=\"wp-block-heading\" id=\"expedition\">4. Exp\u00e9dition<\/h3>\n\n\n\n<p>La livraison sera effectu\u00e9e \u00e0 l&rsquo;adresse de livraison indiqu\u00e9e, dans un d\u00e9lai de 15 \u00e0 30 jours apr\u00e8s r\u00e9ception du r\u00e8glement, si l\u2019\u0153uvre n\u2019est pas en cours d\u2019exposition. Aucune exp\u00e9dition ne sera effectu\u00e9e avant le d\u00e9lai de r\u00e9tractation l\u00e9gal, afin de ne pas engager des frais de livraison.<\/p>\n\n\n\n<p>Les \u0153uvres originales \u00e9tant uniques, elles peuvent parfois faire partie d\u2019une exposition. Si l\u2019\u0153uvre est en cours d\u2019exposition, le d\u00e9lai de livraison sera discut\u00e9 avant le r\u00e8glement avec l\u2019acheteur afin de trouver un accord pouvant convenir aux deux parties.<\/p>\n\n\n\n<div style=\"height:30px\" aria-hidden=\"true\" class=\"wp-block-spacer\"><\/div>\n\n\n\n<h3 class=\"wp-block-heading\" id=\"livraison\">5. Frais de livraison<\/h3>\n\n\n\n<p>Les frais de livraison vous seront donn\u00e9s \u00e0 la fin de votre processus de commande. Les frais de livraisons englobent le prix d&rsquo;une assurance sur la valeur des biens.<\/p>\n\n\n\n<p><br>Il vous appartient de v\u00e9rifier \u00e0 r\u00e9ception, l&rsquo;\u00e9tat des colis et d&rsquo;indiquer sur le r\u00e9c\u00e9piss\u00e9 la mention \u00ab\u00a0sous r\u00e9serve\u00a0\u00bb pour b\u00e9n\u00e9ficier des garanties contract\u00e9es en cas de d\u00e9t\u00e9rioration des \u0153uvres.<\/p>\n\n\n\n<div style=\"height:30px\" aria-hidden=\"true\" class=\"wp-block-spacer\"><\/div>\n\n\n\n<h3 class=\"wp-block-heading\" id=\"livraisons\">6. Planification des livraisons<\/h3>\n\n\n\n<p>Vous serez inform\u00e9 par e-mail de l&rsquo;\u00e9tat d&rsquo;avancement de votre commande, et de la livraison.<\/p>\n\n\n\n<div style=\"height:30px\" aria-hidden=\"true\" class=\"wp-block-spacer\"><\/div>\n\n\n\n<h3 class=\"wp-block-heading\" id=\"taxes\">7. Taxes<\/h3>\n\n\n\n<p>Pour une livraison hors France m\u00e9tropolitaine vous devrez vous acquitter de tout types de taxes susceptibles d&rsquo;\u00eatre exig\u00e9es. Vous devez vous renseigner aupr\u00e8s des autorit\u00e9s de votre pays.<\/p>\n\n\n\n<p>L&rsquo;acheteur s&rsquo;engage alors \u00e0 v\u00e9rifier les possibilit\u00e9s d&rsquo;importation des produits command\u00e9s au regard du territoire du pays de livraison.<\/p>\n\n\n\n<div style=\"height:30px\" aria-hidden=\"true\" class=\"wp-block-spacer\"><\/div>\n\n\n\n<h3 class=\"wp-block-heading\" id=\"moyens\">8. Moyens de paiement<\/h3>\n\n\n\n<ul class=\"wp-block-list\">\n<li>Virement bancaire&nbsp;: les coordonn\u00e9es bancaires de Virginie NGUYEN QUANG, vous seront envoy\u00e9s au moment de la confirmation de votre commande.<\/li>\n\n\n\n<li>Wero<\/li>\n\n\n\n<li>Ch\u00e8que : Libell\u00e9 \u00e0 l\u2019ordre de Virginie NGUYEN QUANG, avec le num\u00e9ro de commande indiqu\u00e9 au dos, et envoy\u00e9 \u00e0 Virginie NGUYEN QUANG \u2013 18 Rue de l\u2019Ile de Sein \u2013 56600 LANESTER \u2013 France<\/li>\n<\/ul>\n\n\n\n<div style=\"height:30px\" aria-hidden=\"true\" class=\"wp-block-spacer\"><\/div>\n\n\n\n<h3 class=\"wp-block-heading\" id=\"retour\">9. Modalit\u00e9s de retour<\/h3>\n\n\n\n<p>Vous disposez d&rsquo;un d\u00e9lai de 14 jours \u00e0 compter de la r\u00e9ception de l\u2019\u0153uvre command\u00e9e pour changer d\u2019avis. Le retour de l\u2019\u0153uvre, dans des conditions d\u2019exp\u00e9dition identiques \u00e0 l\u2019envoi (emballage, protection, assurance), sont \u00e0 votre charge. Le remboursement du pris de l\u2019\u0153uvre, sera effectu\u00e9 dans un d\u00e9lai de 15 jours ouvr\u00e9s apr\u00e8s r\u00e9ception de l\u2019\u0153uvre, si celle-ci ne pr\u00e9sente aucune d\u00e9t\u00e9rioration.<\/p>\n\n\n\n<div style=\"height:30px\" aria-hidden=\"true\" class=\"wp-block-spacer\"><\/div>\n\n\n\n<h3 class=\"wp-block-heading\" id=\"garantie\">10. Garantie<\/h3>\n\n\n\n<p>Tous les tableaux, dessins sont r\u00e9alis\u00e9s en pi\u00e8ce unique, sign\u00e9e de la main de l\u2019artiste. Des tirages en \u00e9ditions limit\u00e9es, sign\u00e9 et num\u00e9rot\u00e9 sont \u00e9galement propos\u00e9s.<br>Chaque \u0153uvre originale et chaque reproduction est \u00e9galement tamponn\u00e9e du logo de l\u2019artiste au verso, et munie d\u2019un sceau holographique num\u00e9rot\u00e9 pour une meilleure authentification.<br>Chaque \u0153uvre originale et chaque reproduction est vendue avec un certificat d\u2019authenticit\u00e9.<\/p>\n\n\n\n<p>L&rsquo;acquisition d&rsquo;une \u0153uvre d&rsquo;art ne donne aucun droit de repr\u00e9sentation, de diffusion ou reproduction \u00e0 son acqu\u00e9reur. <strong>Seul l&rsquo;artiste garde son droit sur sa cr\u00e9ation<\/strong>. Toute utilisation du visuel des \u0153uvres devra faire l&rsquo;objet d&rsquo;une demande d&rsquo;autorisation aupr\u00e8s de l\u2019artiste ou de ses ayants droit.<\/p>\n\n\n\n<p>Le pr\u00e9sent contrat est r\u00e9gi par la loi fran\u00e7aise. Tout litige sera soumis \u00e0 la comp\u00e9tence exclusive des tribunaux de Paris.<\/p>\n\n\n\n<div style=\"height:30px\" aria-hidden=\"true\" class=\"wp-block-spacer\"><\/div>\n\n\n\n<h3 class=\"wp-block-heading\" id=\"confidentialit\u00e9\">11. R\u00e8gle de confidentialit\u00e9<\/h3>\n\n\n\n<p>Pour effectuer une commande vous serez amen\u00e9s \u00e0 communiquer certaines informations personnelles&nbsp;; elles feront l&rsquo;objet de traitements informatiques, afin d&rsquo;honorer convenablement votre commande. En confirmant votre commande vous autorisez Virginie NGUYEN QUANG \u00e0 communiquer ces informations dans l&rsquo;unique but de traiter vos commandes. Elles sont conserv\u00e9es et prot\u00e9g\u00e9es au domicile de Virginie NGUYEN QUANG. Vos donn\u00e9es ne seront ni vendues, ni \u00e9chang\u00e9es \u00e0 un tiers. Elles pourront cependant \u00eatre utilis\u00e9es pour vous informer d\u2019un \u00e9v\u00e8nement ou de nouvelles \u0153uvres en vente sur ce site.<\/p>\n\n\n\n<p><br>Conform\u00e9ment \u00e0 la loi informatique et libert\u00e9 du 6 janvier 1978, vous pouvez demander leurs modifications ou exiger de ne plus figurer dans la base de donn\u00e9es de Virginie NGUYEN QUANG en la contactant par e-mail \u00e0 l\u2019adresse suivante&nbsp;: contact@art-vigienguyen.fr<\/p>\n\n\n\n<div style=\"height:30px\" aria-hidden=\"true\" class=\"wp-block-spacer\"><\/div>\n\n\n\n<h3 class=\"wp-block-heading\" id=\"contact\">12. Contact<\/h3>\n\n\n\n<p>Vous pouvez joindre Virginie NGUYEN QUANG du lundi au vendredi de 10H \u00e0 18H: +33 6 09 99 54 09.<br>ou lui \u00e9crire \u00e0 l\u2019adresse&nbsp;: <a href=\"https:\/\/art-vigienguyen.fr\/?page_id=394\" data-type=\"link\" data-id=\"https:\/\/art-vigienguyen.fr\/?page_id=394\" target=\"_blank\" rel=\"noreferrer noopener\">contac@art-vigienguyen.fr<\/a><\/p>\n\n\n\n<div style=\"height:60px\" aria-hidden=\"true\" class=\"wp-block-spacer\"><\/div>\n\n\n\n<p><\/p>\n","protected":false},"excerpt":{"rendered":"<p>Conditions G\u00e9n\u00e9rales de Vente 1. Achat &#8211; 2. Validation de votre commande &#8211; 3. R\u00e9tractation et remboursement &#8211; 4. Exp\u00e9dition [&hellip;]<\/p>\n","protected":false},"author":1,"featured_media":0,"parent":0,"menu_order":0,"comment_status":"closed","ping_status":"closed","template":"","meta":{"site-sidebar-layout":"default","site-content-layout":"","ast-site-content-layout":"","site-content-style":"default","site-sidebar-style":"default","ast-global-header-display":"","ast-banner-title-visibility":"","ast-main-header-display":"","ast-hfb-above-header-display":"","ast-hfb-below-header-display":"","ast-hfb-mobile-header-display":"","site-post-title":"disabled","ast-breadcrumbs-content":"","ast-featured-img":"","footer-sml-layout":"","ast-disable-related-posts":"","theme-transparent-header-meta":"","adv-header-id-meta":"","stick-header-meta":"","header-above-stick-meta":"","header-main-stick-meta":"","header-below-stick-meta":"","astra-migrate-meta-layouts":"default","ast-page-background-enabled":"default","ast-page-background-meta":{"desktop":{"background-color":"var(--ast-global-color-5)","background-image":"","background-repeat":"repeat","background-position":"center center","background-size":"auto","background-attachment":"scroll","background-type":"","background-media":"","overlay-type":"","overlay-color":"","overlay-opacity":"","overlay-gradient":""},"tablet":{"background-color":"","background-image":"","background-repeat":"repeat","background-position":"center center","background-size":"auto","background-attachment":"scroll","background-type":"","background-media":"","overlay-type":"","overlay-color":"","overlay-opacity":"","overlay-gradient":""},"mobile":{"background-color":"","background-image":"","background-repeat":"repeat","background-position":"center center","background-size":"auto","background-attachment":"scroll","background-type":"","background-media":"","overlay-type":"","overlay-color":"","overlay-opacity":"","overlay-gradient":""}},"ast-content-background-meta":{"desktop":{"background-color":"var(--ast-global-color-4)","background-image":"","background-repeat":"repeat","background-position":"center center","background-size":"auto","background-attachment":"scroll","background-type":"","background-media":"","overlay-type":"","overlay-color":"","overlay-opacity":"","overlay-gradient":""},"tablet":{"background-color":"var(--ast-global-color-4)","background-image":"","background-repeat":"repeat","background-position":"center center","background-size":"auto","background-attachment":"scroll","background-type":"","background-media":"","overlay-type":"","overlay-color":"","overlay-opacity":"","overlay-gradient":""},"mobile":{"background-color":"var(--ast-global-color-4)","background-image":"","background-repeat":"repeat","background-position":"center center","background-size":"auto","background-attachment":"scroll","background-type":"","background-media":"","overlay-type":"","overlay-color":"","overlay-opacity":"","overlay-gradient":""}},"footnotes":""},"class_list":["post-138","page","type-page","status-publish","hentry"],"aioseo_notices":[],"_links":{"self":[{"href":"https:\/\/art-vigienguyen.fr\/index.php?rest_route=\/wp\/v2\/pages\/138","targetHints":{"allow":["GET"]}}],"collection":[{"href":"https:\/\/art-vigienguyen.fr\/index.php?rest_route=\/wp\/v2\/pages"}],"about":[{"href":"https:\/\/art-vigienguyen.fr\/index.php?rest_route=\/wp\/v2\/types\/page"}],"author":[{"embeddable":true,"href":"https:\/\/art-vigienguyen.fr\/index.php?rest_route=\/wp\/v2\/users\/1"}],"replies":[{"embeddable":true,"href":"https:\/\/art-vigienguyen.fr\/index.php?rest_route=%2Fwp%2Fv2%2Fcomments&post=138"}],"version-history":[{"count":60,"href":"https:\/\/art-vigienguyen.fr\/index.php?rest_route=\/wp\/v2\/pages\/138\/revisions"}],"predecessor-version":[{"id":1474,"href":"https:\/\/art-vigienguyen.fr\/index.php?rest_route=\/wp\/v2\/pages\/138\/revisions\/1474"}],"wp:attachment":[{"href":"https:\/\/art-vigienguyen.fr\/index.php?rest_route=%2Fwp%2Fv2%2Fmedia&parent=138"}],"curies":[{"name":"wp","href":"https:\/\/api.w.org\/{rel}","templated":true}]}}