{"id":401,"date":"2025-05-21T09:47:41","date_gmt":"2025-05-21T07:47:41","guid":{"rendered":"https:\/\/art-vigienguyen.fr\/?page_id=401"},"modified":"2026-02-12T15:00:39","modified_gmt":"2026-02-12T14:00:39","slug":"mentions-legales","status":"publish","type":"page","link":"https:\/\/art-vigienguyen.fr\/?page_id=401","title":{"rendered":"Mentions l\u00e9gales du site de l&rsquo;artiste Vigie NGUYEN."},"content":{"rendered":"\n<h2 class=\"wp-block-heading\">Mentions l\u00e9gales<\/h2>\n\n\n\n<div style=\"height:50px\" aria-hidden=\"true\" class=\"wp-block-spacer\"><\/div>\n\n\n\n<p>Virginie NGUYEN QUANG, soucieuse des droits des individus, notamment au regard des traitements automatis\u00e9s et dans une volont\u00e9 de transparence avec ses clients, a mis en place une politique reprenant l\u2019ensemble de ces traitements, des finalit\u00e9s poursuivies par ces derniers ainsi que des moyens d\u2019actions \u00e0 la disposition des individus afin qu\u2019ils puissent au mieux exercer leurs droits.<\/p>\n\n\n\n<p class=\"has-ast-global-color-3-color has-text-color has-link-color wp-elements-e1dbf52b95982c82872923761441279f\">Pour toute information compl\u00e9mentaire sur la protection des donn\u00e9es personnelles, nous vous invitons \u00e0 consulter le site de la&nbsp;<a href=\"https:\/\/www.cnil.fr\/\" target=\"_blank\" rel=\"noreferrer noopener\">CNIL<\/a>.<\/p>\n\n\n\n<p>La poursuite de la navigation sur ce site vaut acceptation sans r\u00e9serve des dispositions et conditions d\u2019utilisation qui suivent.\u2028La version actuellement en ligne de ces conditions d\u2019utilisation est la seule opposable pendant toute la dur\u00e9e d\u2019utilisation du site et jusqu\u2019\u00e0 ce qu\u2019une nouvelle version la remplace.<\/p>\n\n\n\n<div style=\"height:50px\" aria-hidden=\"true\" class=\"wp-block-spacer\"><\/div>\n\n\n\n<h3 class=\"wp-block-heading\">Sommaire<\/h3>\n\n\n\n<ol class=\"wp-block-list\">\n<li class=\"has-ast-global-color-0-color has-text-color has-link-color wp-elements-1aab5bd05fcfe1e02280df293ac61a2e\"><strong><a href=\"#editeur\">Editeur <\/a>\u2013 <a href=\"#hebergement\">2. H\u00e9bergement <\/a>\u2013 <a href=\"#accesausite\">3. Acc\u00e8s au site <\/a>\u2013 <a href=\"#contenu\">4. Contenu et gestion du site<\/a> \u2013 <a href=\"#liens\">5. Liens hypertextes<\/a> \u2013 <a href=\"#responsabilit\u00e9s\">6. Responsabilit\u00e9s<\/a> \u2013 <a href=\"#utilisation\">7. Utilisations des cookies<\/a> &#8211; &nbsp;<a href=\"#RGPD\">8. RGPD &#8211; Traitement de donn\u00e9es \u00e0 caract\u00e8re personnel <\/a>\u2013 <a href=\"#partage\">9. Partage des donn\u00e9es personnelles avec des tiers<\/a> \u2013 <a href=\"#propri\u00e9t\u00e9\">10. Propri\u00e9t\u00e9 intellectuelle<\/a> \u2013 <a href=\"#loi\">11. Loi applicable<\/a> \u2013 <a href=\"#credits\">12. Cr\u00e9dits photos<\/a> \u2013 <a href=\"#contact\">13. Contact<\/a><\/strong><\/li>\n<\/ol>\n\n\n\n<div style=\"height:30px\" aria-hidden=\"true\" class=\"wp-block-spacer\"><\/div>\n\n\n\n<h3 class=\"wp-block-heading\" id=\"editeur\">1. Editeur<\/h3>\n\n\n\n<p class=\"has-ast-global-color-3-color has-text-color has-link-color wp-elements-48791193341ac764eabaae954c3396b4\">Le site <a href=\"http:\/\/www.art-vigienguyen.fr\">www.art-vigienguyen.fr<\/a> est la propri\u00e9t\u00e9 de Virginie NGUYEN QUANG (EI)<\/p>\n\n\n\n<p>N\u00b0SIRET&nbsp;: 98860235500014<\/p>\n\n\n\n<p>Si\u00e8ge social&nbsp;: 18 Rue de l\u2019Ile de Sein \u2013 56 600 LANESTER -FRANCE<\/p>\n\n\n\n<p>Num\u00e9ro de t\u00e9l\u00e9phone : +33 6 09 99 54 09<\/p>\n\n\n\n<p class=\"has-ast-global-color-3-color has-text-color has-link-color wp-elements-8afe9a5f889f0eabd7b6971db86a59e4\">Adresse \u00e9lectronique :&nbsp;<a href=\"mailto:contact@art-vigienguyen.fr\" target=\"_blank\" rel=\"noreferrer noopener\">contact@art-vigienguyen.fr<\/a><\/p>\n\n\n\n<p>Responsable de la publication : Virginie NGUYEN QUANG (EI)<\/p>\n\n\n\n<p class=\"has-ast-global-color-3-color has-text-color has-link-color wp-elements-2f8904a263ec2daa9f55540ce7feb90f\">Toute r\u00e9clamation concernant l\u2019utilisation du Site Internet peut \u00eatre adress\u00e9e \u00e0 l\u2019adresse email susvis\u00e9e :&nbsp;<a href=\"mailto:contact@art-vigienguyen.fr\" target=\"_blank\" rel=\"noreferrer noopener\">contact@art-vigienguyen.fr<\/a><\/p>\n\n\n\n<h3 class=\"wp-block-heading\" id=\"hebergement\">2. H\u00e9bergement<\/h3>\n\n\n\n<p>Ce site est h\u00e9berg\u00e9 au si\u00e8ge social de l\u2019\u00e9diteur,18 rue de l\u2019Ile de Sein, 56 600 LANESTER- France.<\/p>\n\n\n\n<p>Une sauvegarde des donn\u00e9es est \u00e9galement conserv\u00e9e \u00e0 Acign\u00e9 (35 690), France.<\/p>\n\n\n\n<p>Num\u00e9ro de t\u00e9l\u00e9phone : +33 6 09 99 54 09<\/p>\n\n\n\n<h3 class=\"wp-block-heading\" id=\"accesausite\">3. Acc\u00e8s au site<\/h3>\n\n\n\n<p>L\u2019acc\u00e8s au site et son utilisation sont r\u00e9serv\u00e9s \u00e0 un usage personnel. Vous vous engagez \u00e0 ne pas utiliser ce site et les informations qui y figurent \u00e0 des fins commerciales, politiques, religieuses, publicitaires et pour toutes formes de sollicitations commerciales, notamment l\u2019envoi de courriers \u00e9lectroniques non sollicit\u00e9s.<\/p>\n\n\n\n<h3 class=\"wp-block-heading\" id=\"contenu\">4. Contenu et gestion du site<\/h3>\n\n\n\n<p>Toutes les marques, photographies, textes, commentaires, illustrations, images anim\u00e9es ou non, s\u00e9quences vid\u00e9o, sons, ainsi que toutes les applications informatiques qui pourraient \u00eatre utilis\u00e9es pour faire fonctionner ce site et plus g\u00e9n\u00e9ralement tous les \u00e9l\u00e9ments reproduits ou utilis\u00e9s sur le site sont prot\u00e9g\u00e9s par les lois en vigueur au titre de la propri\u00e9t\u00e9 intellectuelle. Ils sont la propri\u00e9t\u00e9 pleine et enti\u00e8re de l\u2019\u00e9diteur ou de ses partenaires. Toute reproduction, repr\u00e9sentation, utilisation ou adaptation, sous quelque forme que ce soit, de tout ou partie de ces \u00e9l\u00e9ments, y compris les applications informatiques, sans l\u2019accord pr\u00e9alable et \u00e9crit de l\u2019\u00e9diteur, sont strictement interdites. Le fait pour l\u2019\u00e9diteur de ne pas engager de proc\u00e9dure d\u00e8s la prise de connaissance de ces utilisations non autoris\u00e9es ne vaut pas acceptation desdites utilisations et renonciation aux poursuites.<\/p>\n\n\n\n<p>Pour la bonne gestion du site, l\u2019\u00e9diteur pourra \u00e0 tout moment :<\/p>\n\n\n\n<ul class=\"wp-block-list\">\n<li>suspendre, interrompre ou limiter l\u2019acc\u00e8s \u00e0 tout ou partie du site, r\u00e9server l\u2019acc\u00e8s au site, ou \u00e0 certaines parties du site, \u00e0 une cat\u00e9gorie d\u00e9termin\u00e9e de visiteurs<\/li>\n\n\n\n<li>supprimer toute information pouvant en perturber le fonctionnement ou entrant en contravention avec les lois nationales ou internationales<\/li>\n\n\n\n<li>suspendre le site afin de proc\u00e9der \u00e0 des mises \u00e0 jour.<\/li>\n<\/ul>\n\n\n\n<h3 class=\"wp-block-heading\" id=\"liens\">5. Liens hypertextes<\/h3>\n\n\n\n<p>La mise en place par les utilisateurs de tous liens hypertextes vers tout ou partie du site est autoris\u00e9e par l\u2019\u00e9diteur. Tout lien devra \u00eatre retir\u00e9 sur simple demande de l\u2019\u00e9diteur. Toute information accessible via un lien vers d\u2019autres sites n\u2019est pas publi\u00e9e par l\u2019\u00e9diteur. L\u2019\u00e9diteur ne dispose d\u2019aucun droit sur le contenu pr\u00e9sent dans ledit lien.<\/p>\n\n\n\n<h3 class=\"wp-block-heading\" id=\"responsabilit\u00e9s\">6. Responsabilit\u00e9s<\/h3>\n\n\n\n<p>La responsabilit\u00e9 de l\u2019\u00e9diteur ne peut \u00eatre engag\u00e9e en cas de d\u00e9faillance, panne, difficult\u00e9 ou interruption de fonctionnement, emp\u00eachant l\u2019acc\u00e8s au site ou \u00e0 une de ses fonctionnalit\u00e9s. Le mat\u00e9riel de connexion au site que vous utilisez est sous votre enti\u00e8re responsabilit\u00e9. Vous devez prendre toutes les mesures appropri\u00e9es pour prot\u00e9ger votre mat\u00e9riel et vos propres donn\u00e9es notamment d\u2019attaques virales par Internet. Vous \u00eates par ailleurs seul responsable des sites et donn\u00e9es que vous consultez. L\u2019\u00e9diteur ne pourra \u00eatre tenu responsable en cas de poursuites judiciaires :<\/p>\n\n\n\n<ul class=\"wp-block-list\">\n<li>du fait de l\u2019usage du site ou de tout service accessible via Internet<\/li>\n\n\n\n<li>du fait du non-respect par vous des pr\u00e9sentes conditions g\u00e9n\u00e9rales<\/li>\n<\/ul>\n\n\n\n<p>L\u2019\u00e9diteur n\u2019est pas responsable des dommages caus\u00e9s \u00e0 vous-m\u00eame, \u00e0 des tiers et\/ou \u00e0 votre \u00e9quipement du fait de votre connexion ou de votre utilisation du site et vous renoncez \u00e0 toute action contre lui de ce fait. Si l\u2019\u00e9diteur venait \u00e0 faire l\u2019objet d\u2019une proc\u00e9dure amiable ou judiciaire en raison de votre utilisation du site, il pourrait se retourner contre vous pour obtenir l\u2019indemnisation de tous les pr\u00e9judices, sommes, condamnations et frais qui pourraient d\u00e9couler de cette proc\u00e9dure.<\/p>\n\n\n\n<h3 class=\"wp-block-heading\" id=\"utilisation\">7. Utilisation des cookies<\/h3>\n\n\n\n<p>Les cookies ou traceurs sont des petits fichiers qui peuvent \u00eatre d\u00e9pos\u00e9s et\/ou lus lors de la consultation d\u2019un site internet et ce, quel que soit le type de terminal utilis\u00e9.<\/p>\n\n\n\n<p>Le site de Virginie NGUYEN QUANG utilise des cookies pour offrir une meilleure exp\u00e9rience aux utilisateurs en m\u00e9morisant les pr\u00e9f\u00e9rences et les visites r\u00e9p\u00e9t\u00e9es. Les cookies et donn\u00e9es personnelles collect\u00e9es peuvent \u00e9galement permettre \u00e0 Virginie NGUYEN QUANG d&rsquo;obtenir des statistiques d&rsquo;utilisation de ce site, de diffuser de l\u2019information ou de proposer un contenu personnalis\u00e9.<\/p>\n\n\n\n<p>L\u2019utilisateur du site peut accepter ou refuser l\u2019ensemble des cookies, ou personnaliser ses choix selon les finalit\u00e9s.<\/p>\n\n\n\n<p>Les choix de l\u2019utilisateur sont recueillis au moyen d\u2019un bandeau cookies \u00e0 l\u2019ouverture du site.<\/p>\n\n\n\n<p>L\u2019utilisateur peut \u00e0 tout moment revenir sur ses choix gr\u00e2ce \u00e0 un bouton pr\u00e9sent en bas \u00e0 gauche  de chacune des pages du site.<\/p>\n\n\n\n<p>Pour plus d\u2019informations sur les cookies, l\u2019utilisateur peut consulter :<\/p>\n\n\n\n<ul class=\"wp-block-list\">\n<li>le site de la CNIL (<a href=\"https:\/\/www.cnil.fr\/fr\/cookies-et-autres-traceurs\" target=\"_blank\" rel=\"noreferrer noopener\">https:\/\/www.cnil.fr\/fr\/cookies-et-autres-traceurs<\/a>)<\/li>\n<\/ul>\n\n\n\n<h3 class=\"wp-block-heading\" id=\"RGPD\">8. RGPD &#8211; Traitement des donn\u00e9es \u00e0 caract\u00e8re personnel<\/h3>\n\n\n\n<p>La consultation du Site Internet peut entra\u00eener l\u2019enregistrement de donn\u00e9es consid\u00e9r\u00e9es comme des donn\u00e9es \u00e0 caract\u00e8re personnel. L\u2019utilisateur qui cr\u00e9e un espace client ou recourt \u00e0 certains outils propos\u00e9s sur le Site Internet, tels que l\u2019inscription \u00e0 une newsletter ou la transmission d\u2019un formulaire de contact communique \u00e0 cette fin des donn\u00e9es \u00e0 caract\u00e8re personnel le concernant.<\/p>\n\n\n\n<p>Conform\u00e9ment au R\u00e8glement (UE) 2016\/679 (\u00ab R\u00e8glement G\u00e9n\u00e9ral sur la Protection des Donn\u00e9es \u00bb, ou \u00ab RGPD \u00bb) et \u00e0 la loi n\u00b0 78-17 du 6 janvier 1978 modifi\u00e9e, relative \u00e0 l&rsquo;informatique, aux fichiers et aux libert\u00e9s et ses textes d\u2019application, le traitement des donn\u00e9es \u00e0 caract\u00e8re personnel communiqu\u00e9es par l\u2019utilisateur dans les contextes susvis\u00e9s est soumis au consentement de celui-ci, au moment de la collecte desdites donn\u00e9es par Virginie NGUYEN QUANG.<\/p>\n\n\n\n<p>Le site internet conserve vos donn\u00e9es pour la dur\u00e9e n\u00e9cessaire pour vous fournir ses services ou son assistance. Dans la mesure raisonnablement n\u00e9cessaire ou requise pour satisfaire aux obligations l\u00e9gales ou r\u00e9glementaires, r\u00e9gler des litiges, emp\u00eacher les fraudes et abus ou appliquer nos modalit\u00e9s et conditions, nous pouvons \u00e9galement conserver certaines de vos informations si n\u00e9cessaire, m\u00eame apr\u00e8s que vous ayez ferm\u00e9 votre compte ou que nous n\u2019ayons plus besoin pour vous fournir nos services.<\/p>\n\n\n\n<p class=\"has-ast-global-color-3-color has-text-color has-link-color wp-elements-8cc0952c5e99bacb6382af1c6d271468\">Toute personne physique dont les donn\u00e9es \u00e0 caract\u00e8re personnel font l\u2019objet d\u2019un traitement par Virginie NGUYEN QUANG b\u00e9n\u00e9ficie sur ces donn\u00e9es notamment d\u2019un droit d\u2019acc\u00e8s, de rectification, d\u2019effacement, d\u2019un droit \u00e0 la portabilit\u00e9 ainsi qu\u2019un droit \u00e0 la limitation et un droit d\u2019opposition au traitement effectu\u00e9 sur ces donn\u00e9es. Toute personne concern\u00e9e peut, en justifiant de son identit\u00e9, exercer ses droits \u00e0 tout moment aupr\u00e8s de Virginie NGUYEN QUANG, au moyen du formulaire de contact disponible sur le Site Internet, par courriel adress\u00e9 \u00e0 Virginie NGUYEN QUANG \u00e0<a href=\"mailto: contact@art-vigiengyen.fr\" target=\"_blank\" rel=\"noreferrer noopener\"> contact@art-vigienguyen.fr<\/a> ou par courrier postal \u00e0 : Virginie NGUYEN QUANG, 18 Rue de l\u2019Ile de Sein, 56 600 LANESTER \u2013 France.<\/p>\n\n\n\n<h3 class=\"wp-block-heading\" id=\"partage\">9. Partage des donn\u00e9es personnelles avec des tiers <\/h3>\n\n\n\n<p>Les donn\u00e9es personnelles peuvent \u00eatre partag\u00e9es avec des soci\u00e9t\u00e9s tierces, dans les cas suivants :<\/p>\n\n\n\n<ul class=\"wp-block-list\">\n<li>lorsque l\u2019utilisateur publie, dans les zones de commentaires libres du site internet, des informations accessibles au public<\/li>\n\n\n\n<li>quand l\u2019utilisateur autorise le site web d\u2019un tiers \u00e0 acc\u00e9der \u00e0 ses donn\u00e9es<\/li>\n\n\n\n<li>quand le site internet recourt aux services de prestataires pour fournir l\u2019assistance utilisateurs, la publicit\u00e9 et les services de paiement. Ces prestataires disposent d\u2019un acc\u00e8s limit\u00e9 aux donn\u00e9es de l\u2019utilisateur, dans le cadre de l\u2019ex\u00e9cution de ces prestations, et ont l\u2019obligation contractuelle de les utiliser en conformit\u00e9 avec les dispositions de la r\u00e9glementation applicable en mati\u00e8re protection des donn\u00e9es \u00e0 caract\u00e8re personnel<\/li>\n\n\n\n<li>si la loi l\u2019exige, le site internet peut effectuer la transmission de donn\u00e9es pour donner suite aux r\u00e9clamations pr\u00e9sent\u00e9es contre le site internet et se conformer aux proc\u00e9dures administratives et judiciaires.<\/li>\n<\/ul>\n\n\n\n<h3 class=\"wp-block-heading\" id=\"propri\u00e9t\u00e9\">10. Propri\u00e9t\u00e9 intellectuelle<\/h3>\n\n\n\n<p>L\u2019entier contenu du Site internet \u00e9tant prot\u00e9g\u00e9 au titre du droit d\u2019auteur, toute utilisation dudit contenu non autoris\u00e9e par Virginie NGUYEN QUANG est constitutive d\u2019une violation de droits d\u2019auteur. Les \u00e9l\u00e9ments du Site internet sont la propri\u00e9t\u00e9 exclusive de Virginie NGUYEN QUANG, ou de ses ayants droit. A ce titre, ils ne peuvent \u00eatre repr\u00e9sent\u00e9s ou reproduits, sous quelque format que ce soit, et sur quelque support que ce soit, ni adapt\u00e9s, modifi\u00e9s, int\u00e9gr\u00e9s ou traduits \u00e0 des fins priv\u00e9es ou commerciales, sans le consentement \u00e9crit expr\u00e8s du fournisseur de contenu ou de documentation comp\u00e9tent. L\u2019un quelconque de ses agissements serait susceptible de constituer une contrefa\u00e7on au sens du Code de la propri\u00e9t\u00e9 intellectuelle.<\/p>\n\n\n\n<h3 class=\"wp-block-heading\" id=\"loi\">11. Loi applicable<\/h3>\n\n\n\n<p>Les pr\u00e9sentes conditions d\u2019utilisation du site sont r\u00e9gies par la loi fran\u00e7aise et soumises \u00e0 la comp\u00e9tence des tribunaux de Paris, sous r\u00e9serve d\u2019une attribution de comp\u00e9tence sp\u00e9cifique d\u00e9coulant d\u2019un texte de loi ou r\u00e9glementaire particulier.<\/p>\n\n\n\n<h3 class=\"wp-block-heading\" id=\"credits\">12. Cr\u00e9dits photos<\/h3>\n\n\n\n<p>Les photographies pr\u00e9sentes sur ce site proviennent de sources diff\u00e9rentes, consultables sur la page <a href=\"https:\/\/art-vigienguyen.fr\/?page_id=1802\" target=\"_blank\" rel=\"noopener\" title=\"\">\u00ab Cr\u00e9dits visuels \u00bb<\/a>.  Les photos des \u0153uvres sont produites par Virginie NGUYEN QUANG. Il est ici rappel\u00e9, conform\u00e9ment \u00e0 l\u2019article L122-4 du Code de la propri\u00e9t\u00e9 intellectuelle, que toute repr\u00e9sentation ou reproduction int\u00e9grale ou partielle faite sans le consentement de l&rsquo;auteur ou de ses ayants droit ou ayants cause est illicite. Il en est de m\u00eame pour la traduction, l&rsquo;adaptation ou la transformation, l&rsquo;arrangement ou la reproduction par un art ou un proc\u00e9d\u00e9 quelconque.<\/p>\n\n\n\n<h3 class=\"wp-block-heading\" id=\"contact\">13. Contact<\/h3>\n\n\n\n<p class=\"has-ast-global-color-3-color has-text-color has-link-color wp-elements-cfbe2e11795d5fa3686daa3e3e17b0f8\" style=\"font-size:16px\">Pour toute question, information sur les produits pr\u00e9sent\u00e9s sur ce site, ou concernant le site lui-m\u00eame, vous pouvez laisser un message \u00e0 l\u2019adresse suivante&nbsp;: <a href=\"https:\/\/art-vigienguyen.fr\/?page_id=394\" target=\"_blank\" rel=\"noreferrer noopener\">contact@art-vigienguyen.fr<\/a><\/p>\n\n\n\n<p><\/p>\n","protected":false},"excerpt":{"rendered":"<p>Mentions l\u00e9gales Virginie NGUYEN QUANG, soucieuse des droits des individus, notamment au regard des traitements automatis\u00e9s et dans une volont\u00e9 [&hellip;]<\/p>\n","protected":false},"author":1,"featured_media":0,"parent":0,"menu_order":0,"comment_status":"closed","ping_status":"closed","template":"","meta":{"site-sidebar-layout":"default","site-content-layout":"","ast-site-content-layout":"","site-content-style":"default","site-sidebar-style":"default","ast-global-header-display":"","ast-banner-title-visibility":"","ast-main-header-display":"","ast-hfb-above-header-display":"","ast-hfb-below-header-display":"","ast-hfb-mobile-header-display":"","site-post-title":"disabled","ast-breadcrumbs-content":"","ast-featured-img":"","footer-sml-layout":"","ast-disable-related-posts":"","theme-transparent-header-meta":"","adv-header-id-meta":"","stick-header-meta":"","header-above-stick-meta":"","header-main-stick-meta":"","header-below-stick-meta":"","astra-migrate-meta-layouts":"default","ast-page-background-enabled":"default","ast-page-background-meta":{"desktop":{"background-color":"var(--ast-global-color-5)","background-image":"","background-repeat":"repeat","background-position":"center center","background-size":"auto","background-attachment":"scroll","background-type":"","background-media":"","overlay-type":"","overlay-color":"","overlay-opacity":"","overlay-gradient":""},"tablet":{"background-color":"","background-image":"","background-repeat":"repeat","background-position":"center center","background-size":"auto","background-attachment":"scroll","background-type":"","background-media":"","overlay-type":"","overlay-color":"","overlay-opacity":"","overlay-gradient":""},"mobile":{"background-color":"","background-image":"","background-repeat":"repeat","background-position":"center center","background-size":"auto","background-attachment":"scroll","background-type":"","background-media":"","overlay-type":"","overlay-color":"","overlay-opacity":"","overlay-gradient":""}},"ast-content-background-meta":{"desktop":{"background-color":"var(--ast-global-color-4)","background-image":"","background-repeat":"repeat","background-position":"center center","background-size":"auto","background-attachment":"scroll","background-type":"","background-media":"","overlay-type":"","overlay-color":"","overlay-opacity":"","overlay-gradient":""},"tablet":{"background-color":"var(--ast-global-color-4)","background-image":"","background-repeat":"repeat","background-position":"center center","background-size":"auto","background-attachment":"scroll","background-type":"","background-media":"","overlay-type":"","overlay-color":"","overlay-opacity":"","overlay-gradient":""},"mobile":{"background-color":"var(--ast-global-color-4)","background-image":"","background-repeat":"repeat","background-position":"center center","background-size":"auto","background-attachment":"scroll","background-type":"","background-media":"","overlay-type":"","overlay-color":"","overlay-opacity":"","overlay-gradient":""}},"footnotes":""},"class_list":["post-401","page","type-page","status-publish","hentry"],"aioseo_notices":[],"_links":{"self":[{"href":"https:\/\/art-vigienguyen.fr\/index.php?rest_route=\/wp\/v2\/pages\/401","targetHints":{"allow":["GET"]}}],"collection":[{"href":"https:\/\/art-vigienguyen.fr\/index.php?rest_route=\/wp\/v2\/pages"}],"about":[{"href":"https:\/\/art-vigienguyen.fr\/index.php?rest_route=\/wp\/v2\/types\/page"}],"author":[{"embeddable":true,"href":"https:\/\/art-vigienguyen.fr\/index.php?rest_route=\/wp\/v2\/users\/1"}],"replies":[{"embeddable":true,"href":"https:\/\/art-vigienguyen.fr\/index.php?rest_route=%2Fwp%2Fv2%2Fcomments&post=401"}],"version-history":[{"count":39,"href":"https:\/\/art-vigienguyen.fr\/index.php?rest_route=\/wp\/v2\/pages\/401\/revisions"}],"predecessor-version":[{"id":1823,"href":"https:\/\/art-vigienguyen.fr\/index.php?rest_route=\/wp\/v2\/pages\/401\/revisions\/1823"}],"wp:attachment":[{"href":"https:\/\/art-vigienguyen.fr\/index.php?rest_route=%2Fwp%2Fv2%2Fmedia&parent=401"}],"curies":[{"name":"wp","href":"https:\/\/api.w.org\/{rel}","templated":true}]}}